 43
Suppose 33*t - 3056 = 28*t + 2*a, 0 = -4*t - 2*a + 2434. What are the prime factors of t?
2, 5, 61
Let y(b) = b + 12. Let l be y(-7). Suppose 3*j = 4*c + 308, -54 = -j + l*c + 34. What are the prime factors of j?
2, 3
Let p be (540/(-16))/(5/20). Let z = 228 + p. What are the prime factors of z?
3, 31
Suppose -y = -m + 5, 1 = 4*y - 3. Suppose m*r + 4 = 7*r. Suppose 2*d + x - 29 = 0, -r = -2*x + 6*x. What are the prime factors of d?
3, 5
List the prime factors of (-4 + (-60)/18)*-129.
2, 11, 43
Let u(v) = 12*v. Let n be u(10). Suppose x - n = -4*x. List the prime factors of x.
2, 3
Let c(m) = 11*m**3 - 3*m**2 + 2*m + 6. Let n(s) = -6*s**3 + s**2 - s - 3. Let g(d) = 4*c(d) + 7*n(d). Let y be g(3). List the prime factors of 4*(y/(-12) - -2).
3
Suppose 4*z + 4*o = 184, -4*o + 5 + 15 = 0. Let v = z + 94. What are the prime factors of v?
3, 5
Let w(m) = 18*m - 72. Let f be w(11). What are the prime factors of (20/5 - f)*-2?
2, 61
Let m = 56 + -21. Suppose 0 = -f - 3*z - 51, -m = -4*f - z - 195. Let s = f + 85. What are the prime factors of s?
2, 23
Let h(x) = 9*x + 20. Let g(o) = o**3 - 22*o**2 + o - 22. Let s be g(22). Suppose -y + 32 = -s*f + 5*f, 5*y = -5*f + 40. What are the prime factors of h(f)?
2, 37
Suppose 0 = z - 2*z - 4*s + 39, -2 = -2*s. Let y = -31 + z. Suppose x + 1 = 2*x - t, -2*x = y*t - 14. What are the prime factors of x?
3
What are the prime factors of 17 + 469 + (-5)/1?
13, 37
Suppose 2*u = 2, 0 = 2*z - 3*u + 13 - 72. Suppose -13*k + 21 + 31 = 0. Suppose k*y + 5*m - z = 0, 3*m - 6*m = -2*y - 1. List the prime factors of y.
2
Suppose 5*z - w - 2*w - 106 = 0, -2*z - 2*w + 36 = 0. Let f = -5 + z. Let d = f + -4. What are the prime factors of d?
11
Suppose 8*z + 20 = 13*z. Let s be z/(-3)*(-375)/(-10). Let w = -10 - s. List the prime factors of w.
2, 5
Let q(y) = y**2 - 3*y - 24. Let m be q(7). Suppose 2*t - l = 179, 0 = m*l + 19 + 1. List the prime factors of t.
3, 29
Let l(j) = j + 5. Let z(t) = -4. Let h = -7 + 4. Let r(a) = h*z(a) - 2*l(a). What are the prime factors of r(-3)?
2
Let r be 1*1/1 - 5. Let g be (-17)/r + 1/(-4). List the prime factors of 4/16*g - -2.
3
Let z(v) = 216 - 423 - 4*v + 215. Suppose -4*j + 8 = 32. What are the prime factors of z(j)?
2
Let f = -23 + 16. Let z = -4 - f. Suppose -4*s + 112 = s + k, 2*s + z*k = 37. List the prime factors of s.
23
Suppose -2*o = 2*r - 3214, -3*r + o = 2*r - 8005. List the prime factors of r.
2, 3, 89
What are the prime factors of (-4402)/(-4) + ((-105)/14 - -7)?
2, 5, 11
Suppose -19*j = -21*j, 0 = -3*v - j + 6897. What are the prime factors of v?
11, 19
Suppose v = 3*n - 6, 0 = v + 4*n - 3*n - 2. Suppose 5*b + 4*o + 79 + 6 = v, 4*o + 22 = -2*b. List the prime factors of 0/(-3 - -2) - b.
3, 7
Suppose 3*m - 274 + 82 = 0. What are the prime factors of 1/(-4) + 2512/m?
3, 13
Let f(a) = a**3 + 9*a**2 + 14*a + 4. Let l be f(-7). Suppose 6 = -l*i + 170. Suppose 0 = 5*v - i - 39. What are the prime factors of v?
2
Let b be (2/11 + 6/(-33))/1. Let l = 44 - -26. Suppose b = 3*s - 8*s + l. What are the prime factors of s?
2, 7
Let z = 10 - 10. Suppose z = -5*o + 4*o + 153. What are the prime factors of o?
3, 17
Suppose 11*d - 13008 = -5*d. List the prime factors of d.
3, 271
Suppose 9*x - 13396 = -8*x. List the prime factors of x.
2, 197
Let j(q) = 687*q + 268. What are the prime factors of j(2)?
2, 821
Suppose -q = -2*q - 5*v + 304, -5*q + 1468 = -v. What are the prime factors of q?
2, 3, 7
Let y be 19104/28 + 12/(-42). Let z = -389 + y. Suppose -3*x = 5*v - z, -53 = -2*v + 5*x + 58. List the prime factors of v.
2, 29
List the prime factors of (-8)/16*(-1612)/2.
13, 31
Let d be 50/6 - (-30)/45. Suppose 1 + d = h. Suppose 2*u = 5*o + h + 58, 0 = 3*u + 4*o - 56. What are the prime factors of u?
2, 3
Let x(t) = 4*t**2 - 4*t. Let v(w) = -5*w**2 + 3*w + 1. Let y(n) = 3*v(n) + 4*x(n). Let d = -36 + 47. What are the prime factors of y(d)?
47
Let o(j) = -j**2 - 7*j + 9. Suppose 3*y + 28 = -y. Let w be o(y). Let z = 4 + w. List the prime factors of z.
13
Suppose 7743 = 4*m + s, 2*s = -8 + 6. What are the prime factors of m?
2, 11
Let f = 197 - 53. Suppose f = -v + 151. What are the prime factors of v?
7
Let c be -122 - ((-8)/(-12))/(6/(-9)). Let o = c + 275. What are the prime factors of o?
2, 7, 11
Let v = -1066 + 2261. What are the prime factors of v?
5, 239
Suppose 0 = 28*l - 25*l - 1950. What are the prime factors of l?
2, 5, 13
List the prime factors of 143/(-429) + ((-4183)/(-3) - 1).
7, 199
Suppose 0 = -4*n + 483 + 1325. What are the prime factors of n?
2, 113
Let b(n) = -n**2 + 68*n - 53. List the prime factors of b(36).
7, 157
Let k be (2/4)/(4/104). Let u(a) = a**3 - 14*a**2 + 17*a + 12. What are the prime factors of u(k)?
2
Suppose 0 = 5*r - 5, b - 2 - 7 = -5*r. Let o be b/(-10) - (-6)/15. Suppose 4*s + 0*t - 3*t - 68 = o, t - 66 = -5*s. What are the prime factors of s?
2, 7
Suppose 4*j = 12 - 8. Let y = -1 + 2. Let z = y + j. What are the prime factors of z?
2
Suppose 14*d - 10*d - 12 = 0. Suppose -12 = -d*j + 36. Let u = 9 + j. List the prime factors of u.
5
Let u(l) = l**2 + 5*l - 13. Let i(s) = s**2 + 2*s - 6. Let w(q) = 5*i(q) - 2*u(q). Let m be w(3). Let z = -14 + m. List the prime factors of z.
3
Let h = 1437 - 370. What are the prime factors of h?
11, 97
What are the prime factors of 688/43*(-106)/(-4)?
2, 53
Let v = -288 + 554. Suppose 9*n - 616 = v. What are the prime factors of n?
2, 7
Suppose 10*x + 1865 = 14135. List the prime factors of x.
3, 409
Let g(w) = w**2 + 13*w + 38. Suppose -5 = l + 13. List the prime factors of g(l).
2
Suppose 10*p - 2*p - 5496 = 0. What are the prime factors of p?
3, 229
Suppose 3*u + 166 = 685. Suppose -4*w - 3*d = u, -2*w - 8 - 76 = 2*d. Let p = 66 + w. What are the prime factors of p?
19
Suppose 4*y - 1397 = -8*c + 5*c, 5*c - 3*y - 2338 = 0. What are the prime factors of c?
467
Suppose 7*d - 7306 = -978. List the prime factors of d.
2, 113
Let v = 474 - 49. Let y = v + -297. What are the prime factors of y?
2
Let w(t) = -405*t**3 - 4*t**2 - 3*t - 2. What are the prime factors of w(-1)?
2, 3, 67
List the prime factors of (-2)/(-3) + 3110/15.
2, 13
Let u be 55 + 8/(0 - -4). Suppose 13 = 5*h - u. What are the prime factors of h?
2, 7
Let z = 12 - 8. Let v(l) = -5*l - 9. Let c be v(-7). Let q = z + c. List the prime factors of q.
2, 3, 5
Suppose 5*n + 0*w - 3 = 3*w, 0 = 2*n - w - 1. Suppose 0 = 6*k - k + 5*b - 155, 3*k + 4*b - 98 = n. What are the prime factors of k?
2, 13
Let f = 268 - -7. Suppose f = 11*i - 6*i. List the prime factors of i.
5, 11
Let l = -760 - -1642. List the prime factors of l.
2, 3, 7
Let i(m) be the second derivative of -m**3/6 - 2*m**2 + m. Let v be i(-9). Let x = -3 + v. What are the prime factors of x?
2
Let v = 46 + -64. List the prime factors of ((-7)/2)/(1/v).
3, 7
Let g be 2 - (-3 + (-16)/(-4)). Let t be 0 + -1 - (g - 4). Suppose t*y - 36 = 10. What are the prime factors of y?
23
Suppose 4*u = -0*u + 2544. Suppose -5*l + l = 0, -u = -4*k + 2*l. What are the prime factors of k?
3, 53
Suppose 37*s = 31*s + 162. List the prime factors of s.
3
Let f be (-1)/3 + (-42)/9. Let i = f + 15. Suppose -33 = -u - i. What are the prime factors of u?
23
Let h be (-65)/20*-4*11. Let u = -79 + h. List the prime factors of u.
2
What are the prime factors of (604/8)/((-74)/(-12) + -6)?
3, 151
Let j(f) = f**3 + 7*f**2 + 9*f + 13. Let g(k) = 2*k**3 + 14*k**2 + 17*k + 25. Let a(i) = 4*g(i) - 7*j(i). Let p = -25 - -19. List the prime factors of a(p).
3, 5
Suppose 5*f = -2*r + 16, -13 = 5*r - 2*f + 5. What are the prime factors of (16 + r)*(-8)/(-14)*3?
2, 3
Suppose 0*z + 6 = -3*z. Let u be -32*((-9)/6 - z). What are the prime factors of (-18 - u)/((-4)/62)?
31
Suppose -30*b + 63 = -9*b. Suppose 0 = 3*m + 4*r - 9 - 9, -5*m - 2*r + 16 = 0. Suppose 4*o + 2*y = 56, -b*y = -2*y + m. List the prime factors of o.
3, 5
List the prime factors of (2 - (-11)/1)*109.
13, 109
Let g(p) = p**3 + 13*p**2 - 29*p - 37. List the prime factors of g(-13).
2, 5, 17
Let s = -74 - -77. Let b(m) = 2*m**3 + 2*m**2 - 5*m + 7. List the prime factors of b(s).
2
Suppose -7*d + 14083 + 10410 = 0. List the prime factors of d.
3499
Let p = -1 - -6. Suppose -4*k = -p*k + 69. What are the prime factors of (1 - 5)*k/(-6)?
2, 23
Suppose 48*i + i = 51401. List the pr